-2?
-2032302
In base 16, what is b + -17?
-c
In base 9, what is -62 + -47?
-120
In base 5, what is -2 - -2443?
2441
In base 9, what is -7 + -12?
-20
In base 16, what is -1 - a8?
-a9
In base 7, what is -6 - 30?
-36
In base 11, what is 17 + -124?
-108
In base 9, what is 153 - -30?
183
In base 5, what is 44 + 134?
233
In base 11, what is -12 - -23?
11
In base 2, what is -11 + -100110?
-101001
In base 7, what is -1435 - 4?
-1442
In base 11, what is -3 - -162?
15a
In base 7, what is 11 - 40?
-26
In base 14, what is 2 + 14?
16
In base 6, what is -3412 + 20?
-3352
In base 5, what is 2 + -303?
-301
In base 16, what is -1 - d?
-e
In base 8, what is -107 + 40?
-47
In base 5, what is -323 + 110?
-213
In base 8, what is 3 + 4063?
4066
In base 10, what is -33 - 59?
-92
In base 9, what is -24 - -17?
-6
In base 14, what is d1 - 8?
c7
In base 4, what is -1 - 11222?
-11223
In base 16, what is -3 - -1e?
1b
In base 15, what is -19 + -5c?
-76
In base 2, what is -10011 + 111000?
100101
In base 2, what is -101001 + -110100?
-1011101
In base 8, what is -17 + -1?
-20
In base 6, what is -1052 - -5?
-1043
In base 7, what is -1 - 10?
-11
In base 11, what is -7 - 28?
-34
In base 7, what is 21 + 1054?
1105
In base 11, what is -533 + -21?
-554
In base 14, what is 4 - -90b?
911
In base 6, what is 22 - 11?
11
In base 15, what is 5 + a2b?
a31
In base 9, what is 5 - -1445?
1451
In base 9, what is 42 - -207?
250
In base 11, what is 27 + -178?
-151
In base 3, what is 2 - -1001201?
1001210
In base 8, what is 614 - -50?
664
In base 13, what is -4 - -55?
51
In base 9, what is 3 - 388?
-385
In base 14, what is 1 + -298?
-297
In base 9, what is 51 - 56?
-5
In base 2, what is -11 - 11101000?
-11101011
In base 5, what is 10 - 2?
3
In base 3, what is 210121 - -11?
210202
In base 13, what is -12 - -427?
415
In base 7, what is -203 + -3?
-206
In base 12, what is -4 - 79?
-81
In base 9, what is 2 - -46?
48
In base 5, what is 11 - 302?
-241
In base 15, what is -4 + -683?
-687
In base 13, what is 2216 + -1?
2215
In base 2, what is -100 - -101111101?
101111001
In base 2, what is 10111 + 1100010?
1111001
In base 3, what is -20 + 1110211?
1110121
In base 11, what is -1631 + -2?
-1633
In base 15, what is -e + 6?
-8
In base 10, what is 2 - -279?
281
In base 4, what is -223 - -110?
-113
In base 12, what is -2 + -21?
-23
In base 4, what is -312 + 32?
-220
In base 15, what is 27 + -13?
14
In base 15, what is 43 + 9?
4c
In base 3, what is 112 + 10?
122
In base 8, what is 7 + -54?
-45
In base 11, what is 19 + 83?
a1
In base 3, what is 1010 - 11222?
-10212
In base 13, what is -43 - -7?
-39
In base 6, what is -2 - 143?
-145
In base 7, what is 561 + 5?
566
In base 8, what is -14 + -11?
-25
In base 7, what is -610 + 1?
-606
In base 5, what is -320342 + -1?
-320343
In base 2, what is -111111 - 0?
-111111
In base 5, what is 1 - 24113?
-24112
In base 15, what is 1 - 2ad?
-2ac
In base 6, what is 1103 - -4?
1111
In base 8, what is 5 - -1025?
1032
In base 13, what is 10 + 7?
17
In base 11, what is 11151 + -5?
11147
In base 14, what is 58 - 7?
51
In base 11, what is -170 - -6?
-165
In base 5, what is 10 - 13?
-3
In base 14, what is -4 - -33?
2d
In base 4, what is -123320 + -1?
-123321
In base 14, what is 31 - 3b?
-a
In base 8, what is 171 + 4?
175
In base 7, what is -2040 + 0?
-2040
In base 15, what is -7ad - -5?
-7a8
In base 9, what is 66 + 0?
66
In base 5, what is 2 + 30023?
30030
In base 2, what is -10100 + 10101001?
10010101
In base 10, what is -14 - 11?
-25
In base 2, what is -1000100010 - -11110?
-1000000100
In base 13, what is -1 + -17?
-18
In base 16, what is 46 + 5?
4b
In base 7, what is 30 + 0?
30
In base 7, what is 1360 + -1?
1356
In base 3, what is -1011120 - 100?
-1011220
In base 5, what is 401 - 2?
344
In base 8, what is -41 + -6?
-47
In base 7, what is -10 - 1234?
-1244
In base 12, what is -865 - 2?
-867
In base 4, what is -110 + -33?
-203
In base 14, what is 3846 - 0?
3846
In base 14, what is -3 - -208a?
2087
In base 7, what is -11 - -52?
41
In base 11, what is 346 - -5?
350
In base 14, what is -12 - 8?
-1a
In base 3, what is -101 - 202?
-1010
In base 8, what is -53 - 300?
-353
In base 16, what is -3 - -f?
c
In base 12, what is 252 - -4?
256
In base 4, what is 11302 - 10?
11232
In base 5, what is 2 + 103?
110
In base 10, what is 1764 - -4?
1768
In base 10, what is 154 + -3?
151
In base 3, what is 1022 - -2221?
11020
In base 8, what is 5 + 235?
242
In base 4, what is 12311 - 0?
12311
In base 11, what is 3 - -144?
147
In base 12, what is a - 25?
-17
In base 15, what is 1 - -1a6?
1a7
In base 5, what is 4 - 4342?
-4333
In base 7, what is -1 - 5560?
-5561
In base 15, what is -c0 - 5?
-c5
In base 15, what is 7c - -8?
85
In base 8, what is 11 - -21?
32
In base 16, what is 69 - 0?
69
In base 7, what is -10 - -16303?
16263
In base 12, what is -18 - -5?
-13
In base 14, what is -4 + -1b?
-21
In base 10, what is -3 + -1553?
-1556
In base 9, what is -30 + 518?
478
In base 16, what is -ed + -8?
-f5
In base 4, what is -12 + -21131?
-21203
In base 2, what is -1110 + 110?
-1000
In base 16, what is 7 + -c6?
-bf
In base 7, what is 6 - -4?
13
In base 10, what is 30 + 118?
148
In base 12, what is -3 - 5a?
-61
In base 3, what is -11221101 + 0?
-11221101
In base 4, what is 32131 - 23?
32102
In base 4, what is 0 - -212?
212
In base 5, what is 34 - 13?
21
In base 4, what is 3 + 120202?
120211
In base 5, what is 0 - -2311?
2311
In base 5, what is 303 - 134?
114
In base 16, what is 2e - -15?
43
In base 16, what is -fa + 0?
-fa
In base 2, what is 1000011 + 1?
1000100
In base 15, what is -29 + 20?
-9
In base 2, what is -1000011 - -11010?
-101001
In base 3, what is 122111 - 10?
122101
In base 2, what is 1001111 - 10101101?
-1011110
In base 6, what is -5 + -24?
-33
In base 6, what is 2130 + -51?
2035
In base 5, what is 3 - -132?
140
In base 3, what is 11 + 1110?
1121
In base 5, what is -1 - -322?
321
In base 11, what is 1 + -1638?
-1637
In base 10, what is 84 + 17?
101
In base 14, what is a + 6?
12
In base 9, what is -2745 + -11?
-2756
In base 3, what is -10221 - -21?
-10200
In base 2, what is 100 + 1001000?
1001100
In base 8, what is 134 + -3?
131
In base 9, what is -26 + -13?
-40
In base 9, what is 20 + -117?
-87
In base 8, what is 423 - 10?
413
In base 15, what is -4 + -c5?
-c9
In base 7, what is -3 + 0?
-3
In base 6, what is 2 + 530?
532
In base 15, what is 1 - -237?
238
In base 9, what is -178 - 5?
-184
In base 8, what is 674 + 17?
713
In base 7, what is -2 + 106?
104
In base 3, what is 120022 - -1?
120100
In base 16, what is bc - 3?
b9
In base 8, what is 667 - 5?
662
In base 11, what is -29 - 16?
-44
In base 4, what is 120300 - 10?
120230
In base 12, what is b2 - -28?
11a
In base 7, what is -211 + -12?
-223
In base 11, what is -19 + 153?
135
In base 10, what is -1426 + -3?
-1429
In base 2, what is 10 - -11110100111?
11110101001
In base 11, what is 7 + -440?
-434
In base 3, what is -22211 - 12?
-100000
In base 2, what is 10011100010 - -11?
10011100101
In base 5, what is 0 - -140?
140
In base 12, what is -469 - 4?
-471
In base 14, what is -1 + -137?
-138
In base 5, what is 14 + -11243?
-11224
In base 3, what is 1101 + 100?
1201
In base 12, what is -187 + -1?
-188
In base 11, what is -14321 + -2?
-14323
In base 12, what is 7ab - -3?
7b2
In base 8, what is 32 + -10?
22
In base 6, what is -20535 - 5?
-20544
In base 14, what is 1 + 20?
21
In base 13, what is -a + 11a?
110
In base 15, what is 32 - 21?
11
In base 6, what is -1444 - -14?
-1430
In base 13, what is 5 - 52?
-4a
In base 4, what is -1001 + -3?
-1010
In base 10, what is 8956 - 2?
8954
In base 9, what is 1 - -180?
181
In base 13, what is 1 - -b95?
b96
In base 15, what is 4 - 1134?
-1130
In base 16, what is 0 + 1a?
1a
In base 14, what is -4 + 14?
10
In base 10, what is 15 - 8?
7
In base 2, what is -1111 - -1010101111?
1010100000
In base 4, what is -11 + -121200?
-121211
In base 10, what is 4753 + 3?
4756
In base 13, what is -1652 + -5?
-1657
In base 4, what is 20 + -11?
3
In base 3, what is 10 - 12201001?
-12200221
In base 15, what is 1a3a + 1?
1a3b
In base 3, what is 10 - -1100?
1110
In base 6, what is 1000 + -5?
551
In base 11, what is 44 - 2?
42
In base 7, what is -26503 + 4?
-26466
In base 5, what is 2042204 - 4?
2042200
In base 8, what is -233 + -3?
-236
In bas